hat is s(y)?
-5
Let l(t) = -13*t - 12 - 10 + 9*t**2 - 2*t + 3. Let y(j) = 5*j**2 - 8*j - 10. Let h(r) = -6*l(r) + 11*y(r). What is h(-3)?
7
Let c(p) = p + 1. Let t(h) = h + 2. Suppose 3 = 5*f - 2*o - 3, 0 = 5*f - 5*o - 15. Let x be t(f). Suppose d + 5*y = x, -2*d + y = 8 - 1. Give c(d).
-2
Let f(c) = -7*c + 2. Suppose 2*d - 8 = -2*d. Let n be 5/d*20/(-25). Calculate f(n).
16
Let w(p) = 5*p + p - 5*p + p**2 - 1. Determine w(1).
1
Let y be (12/(-9) + 1)/(3/(-27)). Let m(j) = -j**2 + 3*j + 2. Give m(y).
2
Let i(d) be the second derivative of d**3/2 + 7*d**2/2 + 26*d. Let w be (2/(-3))/(1/9). Calculate i(w).
-11
Suppose 0 = -0*z + z - 1. Let f(a) be the first derivative of -3*a**5/10 + a**4/12 + 4*a + 6. Let l(q) be the first derivative of f(q). What is l(z)?
-5
Suppose -4*g - 10 = -3*g. Let i be (-3)/4 - g/(-40). Let c(k) be the third derivative of -k**6/15 - k**5/30 - k**4/12 - k**3/6 - k**2. What is c(i)?
7
Let v = 13 + -19. Let s(n) = n**3 + 5*n**2 - 10*n - 10. Let b(y) = -1. Let j(k) = -3*b(k) + s(k). What is j(v)?
17
Let b(j) = -6*j + 0*j + 2 - j**2 + 7*j. Suppose -3 + 5 = -w. Let g = w - -4. What is b(g)?
0
Let x(n) = n + 1. Let b(f) = f**2 + 5*f - 4. Let o be b(-6). Determine x(o).
3
Let n(l) = l**3 - 18*l**2 + 18*l - 13. Let r be n(17). Let k = -29 - -51. Suppose 5*m - 23 = 3*v, r*m - 2*m = -4*v - k. Let w(a) = -a - 4. Determine w(v).
2
Let f(y) = -y - 3 + y + 3*y. Suppose -4*o = -2*o - 6. Let q be f(o). Let r(n) = n**3 - 6*n**2 - 2. Determine r(q).
-2
Let i(l) be the second derivative of -l**3/6 - 3*l**2 + 10*l. Suppose -3*w = 4*v + 10, -13 = 3*w - 4*v + 13. Determine i(w).
0
Suppose -y - 1 = -0*y. Let z(w) be the first derivative of -w**3/3 + w**2 + w + 3. What is z(y)?
-2
Let i(a) = a + 1. Let s = -2 + 3. Let x = 10 + -12. Let g = x - s. Give i(g).
-2
Let x = 8 + -4. Suppose j + 27 = 3*w - 3*j, -4*w + 35 = -5*j. Let t(k) = 7*k + 3 - w - 6*k. Determine t(x).
2
Let h(r) = -6*r - 3 - 4*r + 5*r + 4*r. Determine h(3).
-6
Suppose 0*j + 2*j = 30. Suppose 4*d = -d + j. Let l(m) = -2*m**2 - d*m**2 - 8 + 9. Give l(-1).
-4
Let w(a) = -3*a + 1. Let y be w(2). Suppose 29*k = 25*k + 12. Let u(s) = -3*s**3 - 5*s**2 + 2*s**k - 71 + 70 + s. Give u(y).
-6
Let o(q) = q**3 - 4*q**2 + q + 2. Let h(c) = -c**3 - 10*c**2 - 9*c + 5. Let l be h(-9). Suppose l*m - v + 10 - 28 = 0, -5*m + 4*v = -12. Determine o(m).
6
Let t(j) = 2*j**2 - j**3 - j + 4*j**2 - 4*j**2 + 2*j**2. Suppose g - 4*g - 5 = n, -n - 2*g = 2. What is t(n)?
-4
Let b(g) be the first derivative of g**4/4 - g**3 - g**2 - 4*g + 3. Determine b(4).
4
Let h(u) be the first derivative of -2*u**2 + 1/3*u**3 + 3 + 2*u. Calculate h(4).
2
Let z be (-5)/(-35) + (-29)/7. Let l(o) = -o**2 - 7*o - 5. What is l(z)?
7
Let u be 16*(2 + (-3)/2). Let p be u/3 - (-3)/9. Let r(y) = -5*y**2 + y + 2 - 4*y - y**3 - p + 0. Determine r(-4).
-5
Let l(o) = 2*o + 1. Let h(r) = -1. Let v(p) = -2*h(p) - l(p). Let a be (-36)/162 + 58/18. Calculate v(a).
-5
Suppose 0 = 2*z - 0*z + 2*m + 8, 0 = 4*z - 2*m + 34. Let w(b) = b**2 + 8*b + 9. What is w(z)?
2
Let s(k) = -k**2 - 2*k + 1. Let a = -32 - -29. Give s(a).
-2
Let a(v) be the second derivative of -v**4/12 - 4*v**2 + v. Suppose -3*u - 18 = 2*p, -p - p = u + 10. Let c = p - -3. Calculate a(c).
-8
Let a(x) be the second derivative of x**4/24 + x**3/6 - x**2/2 + 3*x. Let t(v) be the first derivative of a(v). Calculate t(1).
2
Let y(w) = -w**3 + 5*w**2 - 3*w - 1. Let o be 7 - (4 + (-3 - -3)). What is y(o)?
8
Let g(q) = 2*q + 8. Let x(b) = 5*b + 16. Let t(l) = -9*g(l) + 4*x(l). Let k be t(6). Let n(h) = h**3 - 4*h**2 + 3. Calculate n(k).
3
Let h = -22 + 20. Let t(v) = 2*v**3 - 5*v**2 - v - 5. Let f(p) = -3*p**3 + 6*p**2 + p + 6. Let r(s) = 3*f(s) + 4*t(s). Give r(h).
0
Let n(c) = -c**2 - 4*c - 3. Suppose 0*i + i = 0. Suppose i = -2*d + 4*d + 6. Let h be n(d). Let q(g) = g**3 - g**2 + g - 2. Calculate q(h).
-2
Let z(s) = -3*s**2 - 2*s**2 - 6*s - s**3 - 2 + 11*s. Let f be (-4)/(-10) - 108/(-5). Suppose -2*h = -3*h + p - 7, 0 = 3*h - 4*p + f. Give z(h).
4
Let o(y) = 4*y**2 + 4*y - 9. Let r(k) = 2*k**2 + 2*k - 4. Let i(b) = 3*o(b) - 7*r(b). Calculate i(1).
-3
Let j(z) = z**3 + 3*z**2 + 3*z + 2. Let g be ((-6)/(-4))/(2/4). Suppose r = 4*b + 44, 0 = -g*b + 4*r - 9*r - 56. Let w be 2/b - (-34)/(-12). Calculate j(w).
-7
Let l(t) = -10*t + 6. Let f(q) = -3*q + 2. Let c be f(-4). Let z(j) = -2*j + 1. Let i(k) = c*z(k) - 3*l(k). What is i(4)?
4
Let j(d) = 6*d**3 - 2*d**2 + 4*d**2 - 3*d**2. Let s(p) = -p**3 + 5*p**2 - 8*p + 7. Suppose 4*t - 13 + 1 = 0. Let u be s(t). Determine j(u).
5
Let s(x) = 2*x + 4. Let m(n) = n + 1. Let c(d) = m(d) - s(d). Calculate c(-9).
6
Let g(j) be the first derivative of -1/120*j**5 + 1 + 0*j**2 - 1/3*j**3 - 1/4*j**4 + 0*j. Let b(q) be the third derivative of g(q). What is b(-3)?
-3
Let g(f) = f**3 + f**2 + f + 9. Let q(r) be the first derivative of -r**4/4 - r - 1. Suppose -3*a - a - 6 = -2*p, 0 = -3*a - 3*p. Let h be q(a). What is g(h)?
9
Let f(o) be the second derivative of o**3/6 + o. Let y = -13 - -12. Calculate f(y).
-1
Let h(k) = 21*k + 21. Let w(n) = -n - 1. Let o(m) = -h(m) - 18*w(m). Suppose -l - 8 = 3*l. Calculate o(l).
3
Let d be 4*(1 + 2/(-4)). Let w(m) = -2 + 2*m**d - 2*m**2 - m + m**2. Let z = 6 - 3. Calculate w(z).
4
Suppose 3*y + 4*s = -s, 4*s = -2*y. Suppose -5*p + v = -23, -v = 5*p + 2*v - 11. Let j(z) = -2*z**2 + 2 + 3*z**2 - 6 - p. Give j(y).
-8
Let l(m) = 7*m**3 - 10*m**2 + m + 1. Let q(p) = -4*p**3 + 5*p**2. Let j(o) = 3*l(o) + 5*q(o). Let h = 69 - 66. Determine j(h).
-6
Let x(u) be the second derivative of u**7/2520 + u**6/120 - u**5/30 + 7*u**4/12 - 6*u. Let a(d) be the third derivative of x(d). What is a(-7)?
3
Let j be -3 + 1*(-1)/(-1). Let p(n) = 2*n**2 - n - 2. Give p(j).
8
Let h(c) = -4 + 5*c**2 + 1 + 0*c - 4*c - 13*c**2 + 7*c**3. Let m(z) = 15*z**3 - 17*z**2 - 9*z - 6. Let s(g) = -13*h(g) + 6*m(g). Determine s(2).
-1
Let r be -5 + 1 - 0/2. Let v be 6/r*16/(-6). Suppose t - 2 = -v. Let s(d) = 2*d**3 + 3*d**2 + 3*d + 3. What is s(t)?
-7
Let q(g) = -g**2 + 6*g + 10. Let j be q(7). Suppose -j*i = -i - 2. Let v be 9/4 + i/(-4). Let l(h) = -h**3 + h**2 + h. Calculate l(v).
-2
Suppose -23 - 13 = -4*q. Let i = -69 + 84. Let z = q - i. Let t(v) = -v**3 - 6*v**2 + 5. Determine t(z).
5
Let k(n) = -16*n - 52. Let y be k(-3). Let z(i) = 3*i + 6. Determine z(y).
-6
Let f(w) = w. Suppose 3*b - 5*n - 7 = -4*n, 2*n = -3*b + 22. Calculate f(b).
4
Let b be 9 + -5 + (-1 - -1). Let i(a) = -a - 5. Calculate i(b).
-9
Let d(f) = 3*f - 8*f + f + f + 1. Suppose 0*j + j + 4*y = 17, -1 = -5*j + y. Give d(j).
-2
Let k(t) = -t + 13. Let q be k(9). Let c(d) be the third derivative of 0 - 2*d**2 - 2/3*d**3 + 0*d - 1/12*d**q. Calculate c(-5).
6
Let n(m) = -4*m**2 - 1. Let h(s) = s**2 + 1. Let j(f) = 4*f + 4. Let x(q) = h(q) + j(q). Let g be x(-5). Let y be 6/(-10) - 4/g. Determine n(y).
-5
Let c be (-7 - -10)*(-2)/6. Let x(g) = -g. Give x(c).
1
Let d(x) = x**3 + 2*x**2 - 9*x + 1. Let y(t) = t - 1. Suppose 2*a = -0*a - 4*s - 2, 0 = -2*a - 5*s - 5. Let z = -6 + 7. Let v(l) = a*y(l) + z*d(l). Give v(-3).
-1
Let t(l) be the third derivative of -l**5/30 - l**4/8 + l**3/3 - 22*l**2. Give t(-3).
-7
Let q(u) be the second derivative of u**6/720 + u**5/40 + 2*u**4/3 + 3*u. Let y(l) be the third derivative of q(l). Calculate y(4).
7
Let j(i) be the first derivative of i**6/120 + i**5/10 - i**4/12 - 3*i**3/2 + 3*i**2 + 7. Let u(h) be the second derivative of j(h). Determine u(-6).
3
Let y(a) be the second derivative of 0 + 2*a - 5/2*a**2 + 5/12*a**4 + 2/3*a**3 + 1/20*a**5. Let f = -10 - -6. Give y(f).
-5
Let j be -3 - (1 - 1 - -1) - -1. Let u(m) = -m + 1. Calculate u(j).
4
Suppose -5*f + 25 = -5*z, -3*f + 10 = -f. Suppose 2*i - 3*i - 3 = z. Let x(r) = r**2 + 4*r. Calculate x(i).
-3
Let t(a) = -1 + 2 - 2 - 3*a. Let b(d) = d**2 - 5*d + 2. Let l be b(5). What is t(l)?
-7
Let b = 2 - 2. Suppose -x + 2*x - 3 = b. Let l(p) = p**2 - 2*p + 2. Calculate l(x).
5
Let y(m) = -m**3 - m**2 + m - 21. Suppose -c = -6*c. Calculate y(c).
-21
Let j(w) be the first derivative of w**2/2 - 4*w + 14. Calculate j(-3).
-7
Let y(j) = 7*j. Let x(q) = 36*q. Let t(n) = 4*x(n) - 21*y(n). Give t(3).
-9
Let v(w) = 2*w - w**2 - w + 1 + 0*w. Let m be (0/(-3))/(0 - -3). Give v(m).
1
Let i = -1 - -5. Let w(f) =